emainder when 9963 is divided by 501?
444
Calculate the remainder when 88650 is divided by 29545.
15
Calculate the remainder when 356 is divided by 48.
20
What is the remainder when 5124 is divided by 269?
13
What is the remainder when 57407 is divided by 883?
12
What is the remainder when 4165 is divided by 117?
70
Calculate the remainder when 2571 is divided by 106.
27
Calculate the remainder when 931 is divided by 303.
22
Calculate the remainder when 1499662 is divided by 314.
312
What is the remainder when 3810 is divided by 743?
95
Calculate the remainder when 73885 is divided by 29.
22
Calculate the remainder when 1627 is divided by 531.
34
Calculate the remainder when 115709 is divided by 251.
249
What is the remainder when 57244 is divided by 708?
604
Calculate the remainder when 22230 is divided by 10740.
750
What is the remainder when 59196 is divided by 41?
33
Calculate the remainder when 32219 is divided by 35.
19
Calculate the remainder when 4668 is divided by 41.
35
Calculate the remainder when 882503 is divided by 78.
11
Calculate the remainder when 19428 is divided by 237.
231
What is the remainder when 1383 is divided by 349?
336
Calculate the remainder when 44672 is divided by 153.
149
Calculate the remainder when 6342 is divided by 1347.
954
Calculate the remainder when 85589 is divided by 8558.
9
What is the remainder when 91387 is divided by 74?
71
What is the remainder when 10957 is divided by 3647?
16
What is the remainder when 33352 is divided by 31?
27
What is the remainder when 40714 is divided by 39?
37
Calculate the remainder when 3941 is divided by 777.
56
What is the remainder when 132305 is divided by 7350?
5
Calculate the remainder when 15225 is divided by 1678.
123
What is the remainder when 1091 is divided by 61?
54
Calculate the remainder when 1582 is divided by 74.
28
Calculate the remainder when 14404 is divided by 10.
4
What is the remainder when 122737 is divided by 17?
14
What is the remainder when 5566 is divided by 801?
760
What is the remainder when 44296 is divided by 18?
16
Calculate the remainder when 5666 is divided by 267.
59
Calculate the remainder when 21364 is divided by 85.
29
What is the remainder when 97347 is divided by 1570?
7
Calculate the remainder when 5366 is divided by 13.
10
Calculate the remainder when 250524 is divided by 21.
15
Calculate the remainder when 140017 is divided by 1229.
1140
What is the remainder when 1445398 is divided by 45?
43
What is the remainder when 1714853 is divided by 26?
23
What is the remainder when 112887 is divided by 5644?
7
Calculate the remainder when 8094 is divided by 43.
10
What is the remainder when 7469 is divided by 25?
19
What is the remainder when 10677 is divided by 46?
5
What is the remainder when 1297084 is divided by 21?
19
Calculate the remainder when 29924 is divided by 63.
62
What is the remainder when 1183 is divided by 571?
41
Calculate the remainder when 291024 is divided by 124.
120
What is the remainder when 1770 is divided by 533?
171
What is the remainder when 181428 is divided by 336?
324
Calculate the remainder when 693 is divided by 69.
3
Calculate the remainder when 3869 is divided by 546.
47
What is the remainder when 2258 is divided by 703?
149
What is the remainder when 308 is divided by 24?
20
Calculate the remainder when 17941 is divided by 660.
121
Calculate the remainder when 1427772 is divided by 210.
192
Calculate the remainder when 178809 is divided by 65.
59
What is the remainder when 57766 is divided by 348?
346
Calculate the remainder when 27962 is divided by 235.
232
Calculate the remainder when 699 is divided by 631.
68
Calculate the remainder when 104486 is divided by 37.
35
Calculate the remainder when 265797 is divided by 100.
97
Calculate the remainder when 4945 is divided by 19.
5
What is the remainder when 3628 is divided by 824?
332
What is the remainder when 4972 is divided by 198?
22
What is the remainder when 373889 is divided by 13353?
5
Calculate the remainder when 90631 is divided by 2742.
145
Calculate the remainder when 123419 is divided by 30.
29
What is the remainder when 141956 is divided by 30?
26
Calculate the remainder when 21658 is divided by 503.
29
What is the remainder when 94393 is divided by 2419?
52
Calculate the remainder when 154577 is divided by 4.
1
What is the remainder when 127 is divided by 61?
5
What is the remainder when 283309 is divided by 40466?
47
What is the remainder when 100039 is divided by 20?
19
What is the remainder when 2892 is divided by 843?
363
Calculate the remainder when 2869 is divided by 560.
69
What is the remainder when 1646 is divided by 840?
806
Calculate the remainder when 1259997 is divided by 13.
11
What is the remainder when 22078 is divided by 1055?
978
What is the remainder when 3264 is divided by 49?
30
Calculate the remainder when 917 is divided by 94.
71
What is the remainder when 126046 is divided by 48?
46
What is the remainder when 97677 is divided by 37?
34
Calculate the remainder when 613325 is divided by 49.
41
What is the remainder when 1172 is divided by 630?
542
What is the remainder when 24206 is divided by 12086?
34
Calculate the remainder when 2818 is divided by 166.
162
Calculate the remainder when 12817 is divided by 181.
147
Calculate the remainder when 2318 is divided by 66.
8
Calculate the remainder when 13778 is divided by 15.
8
Calculate the remainder when 6853 is divided by 73.
64
What is the remainder when 10064 is divided by 56?
40
What is the remainder when 1169 is divided by 10?
9
What is the remainder when 4588 is divided by 1394?
406
What is the remainder when 7552 is divided by 3776?
0
What is the remainder when 183825 is divided by 4?
1
What is the remainder when 1213 is divided by 754?
459
What is the remainder when 10758 is divided by 10750?
8
What is the remainder when 17373 is divided by 345?
123
What is the remainder when 95839 is divided by 40?
39
What is the remainder when 11602 is divided by 166?
148
What is the remainder when 8495 is divided by 2655?
530
Calculate the remainder when 414798 is divided by 729.
726
What is the remainder when 75838 is divided by 438?
64
What is the remainder when 15220 is divided by 952?
940
What is the remainder when 1866 is divided by 943?
923
What is the remainder when 27265 is divided by 53?
23
What is the remainder when 960104 is divided by 679?
677
What is the remainder when 3543 is divided by 71?
64
Calculate the remainder when 3748058 is divided by 189.
188
Calculate the remainder when 1618110 is divided by 5.
0
Calculate the remainder when 844 is divided by 738.
106
What is the remainder when 36056 is divided by 23?
15
Calculate the remainder when 5842 is divided by 342.
28
Calculate the remainder when 3119789 is divided by 191.
186
Calculate the remainder when 4023 is divided by 1283.
174
What is the remainder when 526332 is divided by 514?
510
What is the remainder when 7473 is divided by 3635?
203
What is the remainder when 16472 is divided by 160?
152
Calculate the remainder when 37017 is divided by 9247.
29
Calculate the remainder when 10176 is divided by 2034.
6
What is the remainder when 10716 is divided by 67?
63
Calculate the remainder when 1028 is divided by 988.
40
Calculate the remainder when 61270 is divided by 2112.
22
What is the remainder when 53778 is divided by 7?
4
Calculate the remainder when 634659 is divided by 414.
411
Calculate the remainder when 7854 is divided by 1304.
30
Calculate the remainder when 55378 is divided by 130.
128
What is the remainder when 37792 is divided by 3767?
122
Calculate the remainder when 22777 is divided by 3253.
6
What is the remainder when 4955 is divided by 16?
11
Calculate the remainder when 55436 is divided by 22.
18
Calculate the remainder when 1676 is divided by 550.
26
Calculate the remainder when 853553 is divided by 31.
30
What is the remainder when 147133 is divided by 121?
118
What is the remainder when 128143 is divided by 106?
95
Calculate the remainder when 33577 is divided by 74.
55
What is the remainder when 21087 is divided by 448?
31
What is the remainder when 29821 is divided by 63?
22
What is the remainder when 74831 is divided by 252?
239
Calculate the remainder when 95083 is divided by 158